?
21
Calculate the remainder when 1143451 is divided by 2472.
1387
What is the remainder when 13904348 is divided by 127?
7
What is the remainder when 1642541 is divided by 2126?
1269
Calculate the remainder when 1976248 is divided by 17.
15
What is the remainder when 11613069 is divided by 1055732?
17
Calculate the remainder when 73770187 is divided by 14754035.
12
Calculate the remainder when 96862557 is divided by 8953.
50
What is the remainder when 2587498 is divided by 26953?
10
Calculate the remainder when 680737 is divided by 11942.
43
What is the remainder when 1239413 is divided by 6197?
13
What is the remainder when 252443139 is divided by 42?
39
Calculate the remainder when 27779346 is divided by 1736207.
34
What is the remainder when 192270 is divided by 58?
0
Calculate the remainder when 114187 is divided by 666.
301
Calculate the remainder when 388797024 is divided by 2261.
2247
Calculate the remainder when 62100219 is divided by 2086.
2085
What is the remainder when 413580 is divided by 413571?
9
Calculate the remainder when 87590 is divided by 87518.
72
What is the remainder when 6579361 is divided by 127?
126
What is the remainder when 7381133 is divided by 14587?
111
Calculate the remainder when 813849 is divided by 1025.
1024
What is the remainder when 21613478 is divided by 831?
830
Calculate the remainder when 361417 is divided by 6558.
727
What is the remainder when 204562 is divided by 204290?
272
Calculate the remainder when 65866 is divided by 39.
34
What is the remainder when 792671 is divided by 558?
311
What is the remainder when 4842600 is divided by 4211?
4161
Calculate the remainder when 509895 is divided by 509884.
11
What is the remainder when 86149 is divided by 1876?
1729
What is the remainder when 87861 is divided by 612?
345
What is the remainder when 254316 is divided by 304?
172
What is the remainder when 247372 is divided by 64?
12
Calculate the remainder when 1337860 is divided by 7516.
12
Calculate the remainder when 2349884 is divided by 1633.
1630
What is the remainder when 5906267 is divided by 1077?
1076
Calculate the remainder when 86638 is divided by 7856.
222
Calculate the remainder when 810789 is divided by 7304.
45
What is the remainder when 256304 is divided by 1363?
60
What is the remainder when 5218437 is divided by 3634?
13
What is the remainder when 42561165 is divided by 102?
33
Calculate the remainder when 3659664 is divided by 182977.
124
What is the remainder when 125060 is divided by 5268?
3896
Calculate the remainder when 2985531 is divided by 418.
175
What is the remainder when 1542931226 is divided by 9?
8
Calculate the remainder when 113376 is divided by 777.
711
Calculate the remainder when 496027 is divided by 2067.
2014
What is the remainder when 196431199 is divided by 8?
7
Calculate the remainder when 457708 is divided by 32693.
6
What is the remainder when 4663973 is divided by 1564?
125
What is the remainder when 260086 is divided by 43?
22
Calculate the remainder when 377743 is divided by 11095.
513
Calculate the remainder when 6039940 is divided by 1207985.
15
Calculate the remainder when 17545 is divided by 9467.
8078
What is the remainder when 360957 is divided by 4972?
2973
Calculate the remainder when 2399986 is divided by 104346.
28
What is the remainder when 775689 is divided by 8?
1
Calculate the remainder when 7430 is divided by 1965.
1535
What is the remainder when 34839 is divided by 1310?
779
Calculate the remainder when 1144778 is divided by 4045.
43
Calculate the remainder when 127494 is divided by 8499.
9
Calculate the remainder when 119592 is divided by 61.
32
Calculate the remainder when 635856 is divided by 118.
72
What is the remainder when 182617899 is divided by 35?
9
What is the remainder when 58853411 is divided by 1748?
1747
What is the remainder when 10448604 is divided by 290239?
0
What is the remainder when 40731026 is divided by 12339?
12326
What is the remainder when 582282 is divided by 16?
10
What is the remainder when 71431 is divided by 775?
131
Calculate the remainder when 32331 is divided by 415.
376
Calculate the remainder when 845979 is divided by 11131.
23
What is the remainder when 6680410 is divided by 1321?
113
What is the remainder when 44356355 is divided by 54?
53
Calculate the remainder when 7134932 is divided by 1783723.
40
Calculate the remainder when 5625673 is divided by 15455.
53
Calculate the remainder when 13087869 is divided by 3271965.
9
Calculate the remainder when 1924364 is divided by 60.
44
Calculate the remainder when 152534 is divided by 23675.
10484
Calculate the remainder when 204370196 is divided by 9.
5
What is the remainder when 1871621 is divided by 6?
5
What is the remainder when 140240478 is divided by 5479?
5473
Calculate the remainder when 1257892 is divided by 17468.
196
What is the remainder when 2856307 is divided by 488?
43
Calculate the remainder when 110034264 is divided by 503.
499
What is the remainder when 22080392 is divided by 1003654?
4
Calculate the remainder when 8771924 is divided by 5.
4
What is the remainder when 11760047 is divided by 5880016?
15
Calculate the remainder when 52699658 is divided by 52647.
11
What is the remainder when 805255 is divided by 73128?
847
Calculate the remainder when 2139756 is divided by 356619.
42
Calculate the remainder when 3050079 is divided by 22.
21
What is the remainder when 44480029 is divided by 30?
19
Calculate the remainder when 103480754 is divided by 10441.
3
Calculate the remainder when 1790710 is divided by 255812.
26
Calculate the remainder when 6371207 is divided by 811.
802
What is the remainder when 3206226 is divided by 3849?
9
What is the remainder when 597484 is divided by 17573?
2
What is the remainder when 2173260 is divided by 434625?
135
Calculate the remainder when 382586 is divided by 382519.
67
What is the remainder when 99059156 is divided by 3567?
3566
What is the remainder when 5540476 is divided by 1154?
122
What is the remainder when 147570 is divided by 36853?
158
What is the remainder when 748940 is divided by 1266?
734
Calculate the remainder when 33382304 is divided by 51.
50
Calculate the remainder when 286322 is divided by 3705.
1037
Calculate the remainder when 54275 is divided by 544.
419
Calculate the remainder when 14646831 is divided by 688.
687
What is the remainder when 2391886 is divided by 448?
14
Calculate the remainder when 24885 is divided by 7790.
1515
Calculate the remainder when 6911869 is divided by 323.
315
Calculate the remainder when 883780 is divided by 197.
38
Calculate the remainder when 817568 is divided by 9.
8
What is the remainder when 37892877 is divided by 15?
12
Calculate the remainder when 851002 is divided by 172.
118
What is the remainder when 49169887 is divided by 1585?
17
What is the remainder when 462788 is divided by 162?
116
Calculate the remainder when 17678457 is divided by 58.
57
What is the remainder when 211896 is divided by 14759?
5270
What is the remainder when 3321783 is divided by 1909?
123
Calculate the remainder when 14236919 is divided by 46.
11
What is the remainder when 275479 is divided by 68863?
27
What is the remainder when 7600 is divided by 422?
4
What is the remainder when 31146 is divided by 2076?
6
Calculate the remainder when 9250563 is divided by 9758.
9737
Calculate the remainder when 50431 is divided by 1339.
888
What is the remainder when 4702540 is divided by 57343?
414
Calculate the remainder when 187273313 is divided by 977.
976
What is the remainder when 234547 is divided by 15631?
82
What is the remainder when 447830 is divided by 1188?
1142
What is the remainder when 16797 is divided by 3928?
1085
Calculate the remainder when 161621 is divided by 22285.
5626
What is the remainder when 260423 is divided by 917?
912
Calculate the remainder when 20889 is divided by 73.
11
What is the remainder when 57122 is divided by 5085?
1187
What is the remainder when 49297453 is divided by 16?
13
What is the remainder when 63912 is divided by 681?
579
Calculate the remainder when 14098163 is divided by 699.
32
What is the remainder when 3105649 is divided by 1345?
44
Calculate the remainder when 322680 is divided by 1982.
1596
What is the remainder when 11398